ist the prime factors of x.
2, 11, 47
Let y be (-52 - 1)*(5 - 4). Let w = y + 74. Suppose -g = -4*g + w. What are the prime factors of g?
7
Suppose 926 = -2*m + 4*m - 5*n, 3*m = -2*n + 1389. What are the prime factors of m?
463
Let s = 91 + 608. List the prime factors of s.
3, 233
Let d be (-8)/(-36) + 6760/(-45). Let g = d - -260. List the prime factors of g.
2, 5, 11
Suppose -516 + 2917 = 7*z. What are the prime factors of z?
7
Let h = -1202 + 3132. What are the prime factors of h?
2, 5, 193
Let r = -73 + 136. Let t = 127 + r. List the prime factors of t.
2, 5, 19
Let z be (-6)/(5/10 + -2). Suppose 5*r - 3*d = -d + 644, -z*r - 3*d + 529 = 0. What are the prime factors of r?
2, 5, 13
Let s = -1884 - -6098. List the prime factors of s.
2, 7, 43
Suppose 6*c - 10*c = -14496. What are the prime factors of c?
2, 3, 151
Let y = 3479 + -459. List the prime factors of y.
2, 5, 151
Let d(t) = -t**2 + 10*t - 6. Let r be d(4). Let k(m) = 4*m - 8. Let c be k(3). Let x = r + c. What are the prime factors of x?
2, 11
Let g(f) = -3*f - 19. Let o be g(-8). Suppose -l + 89 = o. What are the prime factors of l?
2, 3, 7
Let b(c) = 1 + 7*c + 7*c**2 - 7*c**2 + 0 + 7*c**2. Let k(j) = -6*j**2 - 6*j - 1. Let g(l) = -5*b(l) - 6*k(l). What are the prime factors of g(-2)?
3
List the prime factors of ((-920)/(-12)*-1)/(2/(-6)).
2, 5, 23
Let p = -16 - -24. Let c = p + 64. List the prime factors of c.
2, 3
Let k be 3/5 + (-3672)/45. Let x = 114 + k. Let y = 35 - x. List the prime factors of y.
2
What are the prime factors of 14/84 - (26079/(-18) + 0)?
3, 7, 23
Suppose 9*z - 276 = 8*z. Suppose -3*y = -z + 96. List the prime factors of y.
2, 3, 5
Let u(a) = 8*a + 4. Let z be u(-4). Let q = z + 56. Suppose -3*s + 2*s = g - q, 2*g - 116 = -4*s. List the prime factors of s.
2, 3, 5
Suppose 3*a + 5 = -1. Let s = a + -2. List the prime factors of 2 + -2 + 8 + s.
2
Let v(p) = p**2 - 3*p - 1. Let o be v(4). Suppose h = 2*b + o, -5*b - h - h = 21. What are the prime factors of 7/((-7)/(-40)) + b?
37
Let l = 10 + -7. Suppose -l*y + 69 = -75. What are the prime factors of y?
2, 3
Let v = 30 + -46. What are the prime factors of (-20)/16*6*v/3?
2, 5
Suppose -3*y - 4*g + 191 + 89 = 0, -5*y = 2*g - 490. Let i be 3*(y/12 + 2). Suppose -4*k - w + i = 0, 2*w - 30 = -5*k + 5. List the prime factors of k.
3
Suppose 2*r = 4*d + 4, 3*r - d - 9 = 2*d. Suppose -15 = -5*t, -5*x + 5*t - r*t = -192. What are the prime factors of x?
3, 13
Suppose -15 = 6*f - f. Let j be -3 + (-12)/(f - 1). Suppose -15 = -q - j. List the prime factors of q.
3, 5
Let d(u) = -u**3 - 6*u**2 + 7*u + 3. Let k be d(-7). Suppose k*t - 5 = 2*t. List the prime factors of t.
5
Suppose -29*t + 31*t = -10. Let g(b) = -b**3 - 7*b**2 - 17*b + 5. What are the prime factors of g(t)?
2, 5
Let b(o) = 2*o + 51. Let t be b(7). Suppose -2*z - 54 = -f, -7*f + 3*f = 0. Let u = z + t. What are the prime factors of u?
2, 19
Suppose 5*z - 119 = -2*s, 0*z + 4*z = 5*s + 82. List the prime factors of z + -1 + 0 + -1.
3, 7
Suppose -a = 5*y - 3480, -4*y = -a - 4*a - 2755. What are the prime factors of y?
5, 139
Let s(o) = 8 - 8*o**2 - 12*o**2 - 21*o**2. Let w be s(3). List the prime factors of w/(-9) + (-5)/45.
2, 5
Suppose -163*z + 336 = -149*z. What are the prime factors of z?
2, 3
Let i be 6 + ((-20)/4 - -2). Suppose 3*r + 6 = i. What are the prime factors of (-2)/(r*(-4)/(-8))?
2
Suppose 2*n = 2*i - 6, i - 5*n + 3 = -2. Suppose 63 + 462 = i*x. What are the prime factors of x?
3, 5, 7
Suppose -10*u = -3*u - 49. Let i(d) = d**2 - 4*d + 6. Let w be i(u). Let r = w + -12. List the prime factors of r.
3, 5
Let i(x) = 6*x**2 + 2*x - 2. Let l(v) = v**2 - 5*v - 11. Let d be l(7). List the prime factors of i(d).
2, 29
Suppose -4 = -6*g + 8. Suppose 0*n + g*p = -2*n + 28, -n = -3*p - 2. List the prime factors of n.
11
Suppose -2*t - 8 + 40 = 0. What are the prime factors of (20/(-2))/(t/(-96))?
2, 3, 5
Let g = 92 + -38. Let z(o) = -9*o + 190. Let l be z(17). Let q = g - l. What are the prime factors of q?
17
What are the prime factors of 50*(4 - (-33)/(-15) - -3)?
2, 3, 5
Let f be -4*(1 - (-28)/(-16)). Suppose h + f*y - 37 = 0, -3*h + 132 = -2*y + 4*y. List the prime factors of h.
2, 23
Let l be 7 + 3*(-2)/3. Let f = 10 - l. Suppose f*u = 2*q + 2*q + 123, -4*q + 147 = 5*u. List the prime factors of u.
3
Let h be 22/4*4 + 6 + -4. Suppose 252 + h = 6*g. What are the prime factors of g?
2, 23
Let k(x) = -x**3 - 18*x**2 - 5*x - 2. Let f(q) = -q**3 - 17*q**2 - 5*q - 1. Let b(r) = 7*f(r) - 6*k(r). What are the prime factors of b(-11)?
2, 3, 5
Suppose 6 = -3*z + z + 5*b, -10 = -3*z - 2*b. Suppose -616 = -5*h - o, z*h - 158 - 87 = o. List the prime factors of h.
3, 41
Suppose -40*g = -37*g + 333. Let i = -30 - g. List the prime factors of i.
3
Suppose 0 = 3*w + 772 + 173. Let p = w + 511. List the prime factors of p.
2, 7
Let a = -2199 - -3847. List the prime factors of a.
2, 103
Suppose 7*k - 1034 = 5*k. What are the prime factors of k?
11, 47
Suppose -5*c - h = -2443, 10*c - 14*c - 2*h + 1958 = 0. List the prime factors of c.
2, 61
Let z = -1182 + 1694. List the prime factors of z.
2
Let r(s) = 189*s + 158. What are the prime factors of r(6)?
2, 17, 19
List the prime factors of ((2 - 12) + 9)*-1994.
2, 997
Suppose 69*t - 45*t - 24168 = 0. What are the prime factors of t?
19, 53
Let j be 0 - 2/2 - -6. Let s = -1 + j. List the prime factors of s + -6 - 2*-31.
2, 3, 5
Let i(g) = -2478*g**3 + g + 2. What are the prime factors of i(-1)?
37, 67
What are the prime factors of 10827/18*(-4)/18*-6?
2, 401
Suppose -2*v + 7 = 1. Let l be v*3/((-9)/(-3)). Suppose -5*u + 100 = -l*u. What are the prime factors of u?
2, 5
Let p = -47 - -67. Suppose 0 = y - 3*y + p. Suppose 0 = y*u - 9*u - 37. What are the prime factors of u?
37
Let d(f) = -f**3 - 2*f**2 - 3*f + 5. Let t be d(-4). List the prime factors of 5*(t/5 + 3).
2
Let p be 3/9 + (-2)/(-3). Suppose y - p + 2 = 0. Let a(r) = -28*r - 1. List the prime factors of a(y).
3
Let t = 439 + -239. Let u = t - 66. What are the prime factors of u?
2, 67
Suppose -4*o - 1 = -2*i + 3, 3*o = -2*i - 3. List the prime factors of (i - (0 - 1)) + 1.
2
Let l(v) = v**2 + 5*v - 5. Let u be l(-7). Let r be (-4)/(-12) + 1941/u. Suppose -r = -7*h + 3*h. What are the prime factors of h?
2, 3
Let i = 293 - 533. Let t = i - -372. List the prime factors of t.
2, 3, 11
Suppose o = 2*o - 11. Suppose u - 11 = o. Suppose -101 = -3*l + u. What are the prime factors of l?
41
Suppose 2*m - s - 933 = 1341, 4*s = -2*m + 2274. List the prime factors of m.
3, 379
Suppose -5*f + 19 - 9 = 0. Suppose 49 = 2*b + j, -f*j + 6*j = 5*b - 90. What are the prime factors of b?
2, 11
Let s = 1382 + -683. What are the prime factors of s?
3, 233
Let f(p) = 3*p**2 - 4*p - 1. Let m = -4 + 11. Suppose 10 = m*l - 2*l. What are the prime factors of f(l)?
3
Let q be 0 + 9 - -1*(-3 - -1). Suppose -q*k = -2*k - 4*w - 605, -2*w = -k + 121. What are the prime factors of k?
11
List the prime factors of 87/2 + (-117)/(-78).
3, 5
Suppose -5*a + 158 = p, -a + 2*p - 5 + 41 = 0. Let n be 8/(-14) + 282/(-21). Let r = n + a. What are the prime factors of r?
2, 3
Let m = 139 + -92. Suppose 3*r - 29 - m = 2*f, -4*f + 56 = 2*r. List the prime factors of r.
2, 13
Let b = -26 + 36. Let r be b - 5/(15/9). Let v = 30 - r. What are the prime factors of v?
23
What are the prime factors of 141 + -8 + (10 - 3)?
2, 5, 7
Let o = -89 - -537. List the prime factors of o.
2, 7
Let m be 14/(-7)*1*-141. Suppose -421 = -4*y + 5*v, 3*y + 0*v + 3*v - m = 0. List the prime factors of y.
3, 11
Let l(h) be the first derivative of -h**3/6 - 3*h**2 + 3*h + 2. Let a(q) be the first derivative of l(q). What are the prime factors of a(-12)?
2, 3
Suppose 0 + 7 = r. Let p(m) = -3*m + 0 + 4*m + r - 2. List the prime factors of p(14).
19
Let l = 52 - 91. List the prime factors of 2 + ((-6)/l - 1125/(-39)).
31
Let m(w) = 40*w**2 + 39*w + 259. List the prime factors of m(-6).
5, 293
Let q be 48/6 - (-3 + 1). Suppose -3*o + 4*a = -q, -4*o - 2*a = -8 + 2. Let k = 6 + o. What are the prime factors of k?
2
Suppose 38*j - 11992 = 34*j. What are the prime factors of j?
2, 1499
Suppose -838*b + 826*b = -16536. What are the prime factors of b?
2, 13, 53
Suppose -3 = d + 4*g + 12, -3*g = -d + 20. Suppose -188 = d*z + 3*j, 4*z + 83